 (-3 - -5) + (-2 - 0).
-5
Evaluate 5 - (-15 + 5 - -17).
-2
What is the value of 12 - (-4 - -14) - 4?
-2
Evaluate -3 - (4 + 0) - -19 - 7.
5
Evaluate (1 - 8) + 4 + 2.
-1
(-13 - (-4 - -4)) + 6 - -15
8
4 + (0 - (-1 - -2))
3
What is the value of 11 + (6 - (0 + 6)) + -1?
10
Calculate -3 - ((2 - 3) + 1).
-3
What is the value of 10 - (-5 + -7 + 25)?
-3
What is 5 + -4 + -3 + -2?
-4
Evaluate -9 + 14 - 2 - (3 + 1).
-1
What is the value of (1 - 7) + -2 + 6 + 7?
5
Evaluate -3 + (0 - 0) - (4 + -2).
-5
What is -5 + 8 + -4 + (-2 - -5)?
2
What is -6 - -4 - (-1 + -1 + 2)?
-2
What is 0 - (-5 + 6 + -5)?
4
Calculate -1 + 4 + -6 + 1.
-2
Evaluate 1 + 7 + -9 - 3.
-4
Evaluate -26 + 29 - (-3 + 6).
0
What is the value of (8 - (1 + 9)) + -2?
-4
Calculate 0 + -4 + (13 - 6) + 1.
4
What is (1 - -2) + (19 - 16)?
6
Calculate 1 - (-1 - (1 - 0)).
3
(2 - 4) + 3 + 2 + -8
-5
4 - 3 - -5 - 5
1
What is the value of 12 + -24 - -13 - 7?
-6
What is the value of -4 - -1 - (-10 - (4 - 6))?
5
What is the value of -4 - (4 + 1 + -2 + -3)?
-4
Evaluate 8 + -1 - (-4 - -9) - 5.
-3
Evaluate -10 + (-6 - 1 - -11).
-6
Calculate -5 - (-5 + -1 - 1).
2
Evaluate 2 + (0 - 2) + 17 + -18.
-1
What is -2 + -5 + 7 + 0 + 1?
1
Evaluate -1 + (-1 - 3) - (-7 + 2).
0
Calculate (2 + 1 - 2) + -6.
-5
Evaluate 2 + -7 - ((0 - -3) + -3).
-5
What is the value of (1 - (6 - 0 - 3)) + -2?
-4
Evaluate 1 - (-4 + 3 + -3).
5
What is 0 - (-7 - -7 - (1 - 0))?
1
Calculate (-1 - (1 - 2)) + (63 - 59).
4
What is 2 + (55 - 53) + (0 - 8)?
-4
What is the value of -2 - (-9 + 6) - -8?
9
Calculate (-5 - 2 - -4) + 6.
3
Calculate -1 + 7 + (-10 - (6 - 10)).
0
1 - 5 - (0 - (14 + -7))
3
What is (6 - 4) + 1 - 2?
1
Evaluate -2 + -5 - (9 + -11).
-5
What is -23 - -18 - (-3 + 2)?
-4
Evaluate -6 + 30 + -13 + -7.
4
What is the value of -2 + (9 - (2 + (0 - -1)))?
4
Calculate -8 - (1 + -3 + -6 + 4).
-4
What is the value of 8 + (-6 + 3 - 3) + 4?
6
What is the value of 12 - 8 - (10 - 1)?
-5
Evaluate -12 + (2 + 10 - 3).
-3
Evaluate 0 - -5 - (18 + -17).
4
0 + -1 + 1 - 5
-5
-1 + 3 + -5 + 4 + 1
2
What is the value of (12 - 6) + -3 + -4 - 7?
-8
-6 + (4 - (0 - (1 + -2)))
-3
-2 + (-10 - -3) - (-7 - 0)
-2
Evaluate 3 - (5 + -4 + -1).
3
Evaluate -15 + 5 + (3 - 4).
-11
-2 - (-2 + -3 - -2)
1
Evaluate 7 + 7 + -11 + -5 + -2.
-4
What is -17 + 11 + 0 + -1?
-7
What is 9 + -2 - (-8 + 23)?
-8
Calculate 2 + -4 - (7 - 13).
4
What is 8 - (-7 + 3 + 7)?
5
What is the value of (-4 + -3 - -12) + -4?
1
Calculate (-2 - (2 + 4)) + (4 - 0).
-4
0 + 1 + (-1 - -1 - -2)
3
Calculate (-2 + 2 - (-2 + -4)) + -12.
-6
Evaluate -11 - (-8 + (3 - 1) + 0).
-5
What is 11 + (-5 - (7 + -1 + -2))?
2
What is -1 + 9 + -3 - -2 - 2?
5
What is the value of -2 - (-5 - -12 - (2 + 2))?
-5
Calculate -4 + -2 - (-1 + 1 - 2).
-4
-4 + -3 - (1 - 3)
-5
What is 11 + (-7 - 11 - -1)?
-6
(-3 - 8 - -7) + 11 + -7
0
What is 2 + (1 - 0) + 296 + -302?
-3
What is 5 + 9 + (-2 - 11)?
1
Evaluate 2 + -1 - (-3 + 7).
-3
Evaluate -1 + 3 - (3 - 25 - -21).
3
What is 7 + 0 + -6 - 2?
-1
What is the value of 3 + (-3 + 2 - -8)?
10
Evaluate -12 + 11 + (3 - 7).
-5
Evaluate (1 - 3) + (-6 - -14).
6
Calculate -2 + 7 + 30 + -34.
1
Evaluate 4 - 15 - (10 + -7 + -6).
-8
What is the value of 1 - -3 - (0 - -1) - 8?
-5
2 - -4 - (-4 + 3 + 1)
6
-1 + -11 - -13 - (8 - 0)
-7
Evaluate (6 - 12 - (-4 - -1)) + 6.
3
-3 + -1 - (1 + -1 + 5)
-9
Calculate -1 - -1 - 6 - -4.
-2
Calculate (-2 - 2) + 3 + 6.
5
Evaluate 2 + (0 - -1) + -11 + 10.
2
Evaluate -7 + (0 - (-3 - -1)).
-5
What is 35 - 44 - (-14 - -2)?
3
(-5 - 2) + 8 - 0
1
Evaluate 2 + 1 - (4 - 3).
2
What is the value of -3 + (-4 - (0 + -3))?
-4
What is the value of 1 - -2 - (3 - -1) - -9?
8
Evaluate 8 - (24 + -6 - 9).
-1
What is (1 - 3) + (2 + -4 - 0)?
-4
-2 - (3 + -1 + -4 + -2)
2
Evaluate -7 + 21 + -2 + -5.
7
Calculate (5 - 2) + -5 + 1.
-1
-17 - -17 - (0 + -1 + 1)
0
Calculate -20 + 18 - (-1 + -2 + 2).
-1
(-5 - -2 - -1) + -2
-4
Calculate -2 + (-4 + 5 - 1).
-2
What is -1 + -7 + 2 + 0 + 2?
-4
Evaluate (-2 - 0) + (5 - 6) + 4.
1
What is 1 + -2 + 2 + 10 + -9?
2
Calculate -1 + 1 + 0 - (-1 - -4).
-3
What is -4 - (3 + (-9 - -4))?
-2
Calculate -4 + 11 - (-3 + 15).
-5
Evaluate -11 + 3 + (4 - 0) + -1.
-5
Calculate 4 - (4 + -3 + -3 + 3).
3
0 - (0 - (-4 + 1 - -7))
4
What is the value of (-8 + 14 - 18) + 0 + 7?
-5
What is -4 - 1 - (-18 + 11 - -8)?
-6
What is (-10 - -13) + (-1 - -3)?
5
What is the value of 9 + -4 + -8 - -2?
-1
0 + 0 - (-1 + (-8 - -6))
3
7 + 4 + -13 - -10
8
Evaluate 7 - 16 - -9 - (1 + -2).
1
What is -3 + ((7 - 1) + 0 - 9)?
-6
What is 16 - 19 - (3 - -2)?
-8
Calculate 276 + -274 + (1 - -8).
11
What is 2 - -4 - (-24 + 36)?
-6
What is 2 + 0 - (-2 - 0)?
4
What is the value of (4 - 1) + -4 + -3?
-4
Calculate -2 - -2 - -2 - (0 - -1).
1
Evaluate 0 + (5 - 1) + -2.
2
What is the value of (1 - -1 - 13) + 221 + -217?
-7
Calculate (-2 - -12 - 5) + 0.
5
Evaluate 0 - 2 - -1 - -2 - -3.
4
What is the value of 4 - -1 - (2 - -8)?
-5
Evaluate 3 + -1 - (14 + -4 + -5).
-3
10 + (-13 + 19 - 19)
-3
What is -3 - (1 + -1 + 9 + -9)?
-3
Calculate 2 - (15 - (28 + -6)).
9
What is the value of 17 - (19 - (-8 + 13))?
3
What is 0 - 4 - (4 - 2 - 2)?
-4
What is -3 + (-1 + 4 - 3) - -2?
-1
What is (-2 - -6) + 2 + -11?
-5
Evaluate (31 - 11) + (0 - 10).
10
What is the value of (10 - (0 - -8)) + -3 + 3?
2
What is 11 + -1 - (7 + (-20 - -20))?
3
(6 - -3) + -20 - -12
1
-1 - (-7 + 17 + -7)
-4
Evaluate -2 - (6 - (4 - 1)).
-5
What is the value of (11 - 1) + (-2 - (1 - -2))?
5
What is -2 - (4 - (11 + -3))?
2
-2 - (0 - (-2 - (2 - 1)))
-5
Evaluate 14 - 0 - 14 - 4.
-4
What is the value of -3 - (1 + (1 - -1) + -9)?
3
What is -4 + (2 - 1) + 1?
-2
Calculate 26 + -33 + (2 - 2) + 4.
-3
Evaluate 30 + -30 + (-1 - -3 - 1).
1
What is the value of 10 + (-30 - -6) - -9?
-5
Evaluate 12 - 6 - (0 + 2).
4
-2 + 9 + -3 + 1
5
-3 + 1 + -3 + 1
-4
Evaluate (-6 - (2 + 0 + -6)) + -1.
-3
Evaluate 2 - (9 + 0 + -4) - -2.
-1
Evaluate (-7 - -7) + 5 + -1 + -1.
3
-9 + 14 - -1 - (-3 - -6)
3
Evaluate -17 + 2 + 3 - -6 - -7.
1
Evaluate (-5 - -1) + (3 - (-1 + 5)).
-5
What is the value of 3 - (14 - 2) - (21 - 25)?
-5
What is the value of 13 + -11 + 14 + -9?
7
What is the value of 1 - -1 - (-9 - -10) - -3?
4
Evaluate 2 + (6 - 0) - -2.
10
Evaluate 1 - 1 - ((3 - -1) + -9).
5
What is -2 + -4 + -2 + 2 + 3?
-3
What is the value of (-5 - -4) + (9 - 9)?
-1
What is the value of -5 - ((0 - -7) + -7)?
-5
What is the value of 7 + (4 + -5 - -3) + -5?
4
What is the value of 7 - (-9 + 5) - 6?
5
What is 0 - (5 + -3 + -1)?
-1
What is (2 - 5) + 8 + -1 - 14?
-10
What is 2 - (0 + (-3 - (-3 - -3)))?
5
Evaluate (-8 - (-5 + 1)) + 5 + -5.
-4
What is -2 - (-4 + (-4 - -5) + 5)?
-4
Calculate 1 - 1 - (5 + 0).
-5
What is -1 - (-7 + (7 - 1))?
0
Calculate 2 + 2 + (-2 - (6 + -4)).
0
Evaluate (5 - 0) + (0 - 0) - 1.
4
Calculate -5 + (2 - 5) + 2 + -3.
-9
Calculate (-3 - -9) + 0 + (1 - 2).
5
Evaluate -11 - (10 - (-6 + 8) - 15).
-4
Calculate -3 + (22 - 10) + -9.
0
Calculate -1 - (-3 + 5) - 2.
-5
Calculate -3 + 4 + (-5 - -8).
4
-4 - (0 + (3 - 6))
-1
What is the value of -6 + 7 + -3 + (0 - 1)?
-3
Evaluate (-11 - (6 + -25)) + -7.
1
What is the value of -12 - (-13 - (-19 - -9))?
-9
What is (1 - -1) + -6 + 3?
-1
1 + 0 - (31 + -30)
0
Calculate -13 + 4 - (-11 - 0).
2
Calculate 5 + (-3 - -2 - 5).
-1
Calculate 6 - (10 + (1 - -2) + 1).
-8
Calculate (-4 - (4 + -3)) + 2.
-3
What is -7 + (-2 - (-7 + 6)) + 7?
-1
What is 4 + -5 - (-3 + 6 - 6)?
2
What is the value of 4 + (-18 - -5 - (-3 + -2))?
-4
What is 8 - (-4 + 0 - (-8 + -1))?
3
-7 - -5 - ((0 - 2) + 6)
-6
Evaluate (7 - 2) + -7 - -8.
6
What is 2 + (1 - (-4 - -3)) + -2?
2
What is (-9 - -4) + 4 + -5?
-6
2 + (-8 + 6 - 4)
-4
-9 - (-3 + -4 + -1)
-1
What is (-2 - (-1 - -1)) + -3 - -5?
0
What is 1 + -5 + 10 + -3?
3
What is -1 - (3 + (0 + 3 - 3))?
-4
What is -12 + 11 + -7 + 4?
-4
What is 5 - 2 - (16 - (33 + -9))?
11
What is (1 - (-2 - -2)) + -3?
-2
What is the value of 8 + -4 + 2 - (2 + 0)?
4
What is 0 - (-4 - -2) - 10 - 1?
-9
What is 8 - 4 - 5 - (-1 + -2)?
2
What is -9 + 12 + -6 - (1 + 0)?
-4
-2 - 3 - (-6 + 8 + -11)
4
Evaluate 2 + -3 + -1 + -1.
-3
What is the value of (2 + -1 - 7) + 0 - -1?
-5
What is the value of -1 - 0 - (-22 - -20)?
1
Calculate -7 + 3 - (6 - 7).
-3
Calculate 6 + -2 - (63 - 56).
-3
What is 1 + -7 + 4 + (-1 - -1)?
-2
What is the value of 4 - ((-7 - -17) + -12)?
6
Calculate -1 - (2 